he highest common divisor of 129424 and 976.
16
What is the highest common factor of 317197148 and 157?
157
Calculate the highest common divisor of 116 and 11576162.
58
What is the greatest common divisor of 2851768 and 145913?
1847
Calculate the highest common divisor of 6132 and 11026869.
1533
What is the highest common divisor of 169 and 992303?
13
What is the greatest common divisor of 1364 and 790108?
44
What is the highest common factor of 924072 and 22714?
554
Calculate the greatest common factor of 15141024 and 15200.
608
What is the highest common divisor of 40 and 11170648?
8
Calculate the highest common divisor of 171 and 100065666.
57
Calculate the highest common divisor of 306468 and 1917.
9
What is the highest common divisor of 2241 and 2525875173?
747
What is the highest common divisor of 396448 and 38344?
8
What is the highest common divisor of 104310906 and 1176?
294
Calculate the greatest common divisor of 2346 and 18845027.
391
What is the highest common factor of 56294768 and 1264?
1264
What is the greatest common divisor of 32085 and 72611145?
1395
Calculate the greatest common factor of 1433773 and 22.
11
What is the greatest common divisor of 14966 and 92134?
14
Calculate the greatest common divisor of 1307189 and 16151.
521
What is the highest common divisor of 22695 and 122145?
255
Calculate the highest common divisor of 18367300 and 6972.
28
Calculate the highest common factor of 13400505 and 2295.
2295
What is the greatest common factor of 210 and 6956999?
7
What is the greatest common factor of 6326747 and 16107?
413
Calculate the highest common factor of 53716864 and 1024.
128
Calculate the highest common divisor of 79128834 and 9834.
894
Calculate the greatest common divisor of 8280 and 47758488.
552
What is the greatest common factor of 102 and 1478263560?
102
What is the greatest common factor of 486 and 1072055736?
486
Calculate the highest common divisor of 6259419 and 657.
9
Calculate the highest common factor of 20079 and 607959.
207
What is the highest common factor of 46954258 and 370?
74
Calculate the highest common factor of 141832664 and 212.
212
Calculate the highest common divisor of 125 and 3916400.
25
Calculate the greatest common factor of 343436604 and 1076.
1076
Calculate the highest common factor of 32850840 and 615.
615
Calculate the highest common divisor of 2343 and 43778316.
213
What is the greatest common divisor of 11 and 5810404699?
11
What is the greatest common divisor of 99234 and 12239754?
894
What is the highest common divisor of 170702840 and 33?
11
What is the greatest common divisor of 698556 and 148?
4
What is the highest common factor of 15144288 and 160?
32
What is the greatest common factor of 71446 and 45870?
278
Calculate the highest common factor of 11807991 and 27.
27
What is the greatest common divisor of 135763622 and 2?
2
Calculate the highest common divisor of 629245 and 3118435.
1985
What is the greatest common divisor of 353448 and 2952?
72
Calculate the highest common factor of 21974399 and 3609.
401
Calculate the greatest common factor of 235875 and 120.
15
What is the greatest common divisor of 3756798 and 1458?
18
What is the greatest common factor of 3608 and 2013352?
88
What is the highest common divisor of 28417 and 270668?
157
What is the highest common divisor of 62 and 133572955?
31
What is the highest common divisor of 5318370 and 33120?
90
What is the highest common divisor of 41963116 and 3944?
116
What is the greatest common factor of 605725120 and 2240?
2240
What is the highest common divisor of 15656 and 164521?
19
Calculate the greatest common divisor of 681 and 106434.
3
What is the highest common factor of 492 and 42989853?
123
What is the greatest common divisor of 1044 and 162432828?
1044
What is the greatest common divisor of 194536 and 74552?
8
What is the greatest common factor of 589 and 12660679?
31
Calculate the highest common factor of 1506885341 and 2665.
533
What is the highest common factor of 28 and 157192714?
14
Calculate the highest common divisor of 967860 and 119520.
180
Calculate the greatest common divisor of 3589 and 367868911.
3589
Calculate the highest common divisor of 1882693426 and 62.
62
What is the greatest common divisor of 561 and 5086417?
17
Calculate the greatest common factor of 8 and 14390074.
2
Calculate the greatest common factor of 37740 and 64016475.
9435
What is the highest common factor of 1225813394 and 130?
26
Calculate the greatest common divisor of 130984 and 6104.
56
Calculate the greatest common divisor of 110 and 238478548.
22
Calculate the highest common divisor of 10524271 and 323.
19
What is the greatest common factor of 40059360 and 37422?
1782
Calculate the highest common divisor of 2839 and 549712731.
2839
What is the greatest common factor of 7988619 and 9303?
1329
Calculate the greatest common divisor of 14 and 166303.
1
Calculate the greatest common factor of 166 and 452807330.
166
Calculate the greatest common divisor of 1024 and 21908.
4
What is the highest common divisor of 96455 and 2626441?
191
What is the highest common divisor of 71 and 5923033?
71
What is the highest common factor of 244420 and 10699940?
2020
What is the highest common factor of 27340 and 17174988?
5468
Calculate the greatest common divisor of 876 and 413682.
6
Calculate the highest common divisor of 463962 and 1301428.
2918
Calculate the highest common factor of 1412 and 18546267.
353
What is the highest common divisor of 21356 and 43852?
76
Calculate the greatest common factor of 3006435 and 12395.
185
What is the greatest common factor of 11703586 and 7619?
401
What is the highest common divisor of 20389025 and 1096?
137
Calculate the highest common factor of 13626 and 26460.
18
What is the greatest common factor of 590050 and 29537903?
11801
Calculate the greatest common divisor of 27477560 and 10.
10
What is the greatest common factor of 358 and 6145786?
358
What is the greatest common divisor of 70 and 23624755?
35
Calculate the highest common divisor of 6201105 and 1615.
5
Calculate the greatest common divisor of 142 and 14656814.
142
Calculate the highest common divisor of 28808 and 18824.
104
What is the highest common factor of 12 and 45127818?
6
Calculate the greatest common factor of 262404 and 191287.
197
What is the highest common factor of 916 and 241053644?
916
What is the highest common factor of 366 and 27930314?
122
What is the greatest common divisor of 945563 and 110025?
163
What is the greatest common divisor of 12844 and 1525472?
988
Calculate the greatest common divisor of 757962 and 1088.
34
Calculate the highest common factor of 2619492 and 1596.
228
What is the highest common divisor of 13717 and 163154?
29
What is the highest common divisor of 1880 and 35373328?
376
Calculate the greatest common divisor of 2256 and 242514642.
282
Calculate the greatest common factor of 3813371 and 7.
1
What is the highest common divisor of 3048 and 19146774?
762
What is the greatest common divisor of 794758425 and 25?
25
What is the greatest common factor of 761989197 and 129?
129
What is the greatest common factor of 675 and 16212375?
225
Calculate the greatest common factor of 1871480 and 1180.
1180
Calculate the greatest common factor of 43001860 and 33.
11
What is the highest common factor of 303 and 190929?
3
Calculate the greatest common divisor of 6628717 and 9.
1
What is the greatest common divisor of 915 and 7196235?
15
What is the greatest common factor of 65200 and 2816?
16
What is the greatest common factor of 423540 and 325?
65
Calculate the highest common factor of 2352 and 494647944.
1176
Calculate the greatest common divisor of 147 and 3543477.
21
What is the greatest common divisor of 198014 and 1308268?
362
What is the greatest common factor of 735 and 87?
3
Calculate the highest common factor of 2394 and 971280.
342
Calculate the highest common divisor of 66 and 2370346176.
66
Calculate the greatest common factor of 55 and 170885.
55
What is the highest common factor of 634563 and 549?
9
Calculate the greatest common divisor of 137769562 and 214.
214
What is the highest common divisor of 3030 and 257972382?
606
What is the highest common divisor of 531 and 844644?
177
Calculate the gre